 282857442?
True
Does 19 divide 4280539176?
False
Does 30 divide 46200870?
True
Is 58878438 a multiple of 4?
False
Is 42 a factor of 16518432?
True
Does 232 divide 149941136?
True
Is 164 a factor of 23802382?
False
Is 3119263 a multiple of 4?
False
Is 261 a factor of 27060002?
False
Does 22 divide 126223262?
True
Is 23083200 a multiple of 2748?
True
Is 45482998 a multiple of 11?
True
Is 38555649 a multiple of 987?
False
Does 543 divide 58426305?
False
Is 8025859 a multiple of 1983?
False
Does 6059 divide 1379624945?
False
Does 328 divide 1622754744?
True
Is 740856448 a multiple of 2896?
False
Is 8644 a multiple of 6?
False
Is 9 a factor of 86327351?
False
Is 5 a factor of 96523641?
False
Is 1303 a factor of 765390018?
True
Is 12 a factor of 1306826814?
False
Does 19 divide 20829776?
True
Does 1076 divide 1250613280?
True
Is 20 a factor of 796341280?
True
Is 728885026 a multiple of 21?
False
Is 360 a factor of 40955125?
False
Is 195921490 a multiple of 4?
False
Is 201196 a multiple of 9?
False
Does 9 divide 224339062?
False
Is 642388947 a multiple of 29?
True
Is 18298362 a multiple of 11?
False
Does 27 divide 27924858?
True
Is 423 a factor of 69830055?
False
Is 57 a factor of 756990790?
False
Is 101682687 a multiple of 32?
False
Does 1107 divide 16712379?
True
Does 437 divide 25753979?
False
Is 14 a factor of 616305739?
False
Is 406621545 a multiple of 669?
True
Is 16047 a factor of 5683603575?
False
Does 54 divide 155207772?
True
Is 3369960342 a multiple of 21?
True
Does 32 divide 210688000?
True
Is 1281 a factor of 317338287?
True
Does 10 divide 753000020?
True
Is 66 a factor of 2090357346?
True
Does 1232 divide 850968272?
True
Is 70 a factor of 659434331?
False
Is 13 a factor of 110557655?
True
Does 214 divide 52790590?
True
Does 3 divide 87925257?
True
Is 216 a factor of 2409264432?
True
Does 14 divide 16034928?
True
Does 7060 divide 1958316168?
False
Is 190 a factor of 474766110?
True
Is 13 a factor of 6652065?
False
Is 155 a factor of 1951459724?
False
Is 580892048 a multiple of 88?
True
Does 82 divide 112123356?
True
Is 59792876 a multiple of 473?
True
Is 1261893072 a multiple of 176?
True
Is 784544 a multiple of 16?
True
Does 98 divide 49207270?
True
Is 292027774 a multiple of 499?
True
Is 8 a factor of 612032?
True
Is 26972736 a multiple of 732?
True
Is 136 a factor of 5332176?
False
Does 31 divide 189702910?
False
Is 1384 a factor of 379268592?
True
Does 15 divide 274957657?
False
Is 9233922 a multiple of 419?
True
Does 10 divide 252377880?
True
Does 127 divide 25169622?
True
Is 2264794139 a multiple of 5?
False
Is 1936542960 a multiple of 2024?
True
Is 66 a factor of 37472503?
False
Is 1183 a factor of 20649265?
True
Is 803 a factor of 1172564690?
True
Is 9 a factor of 11001264?
False
Does 499 divide 525953936?
False
Is 1017 a factor of 5421627?
True
Is 2 a factor of 7975419?
False
Is 70 a factor of 79824674?
False
Is 9 a factor of 82570936?
False
Does 3165 divide 10588208?
False
Does 53 divide 375638295?
True
Does 966 divide 61233734?
False
Is 1230055845 a multiple of 15?
True
Does 2185 divide 2443501873?
False
Is 6161940 a multiple of 54?
True
Is 860 a factor of 3197627060?
True
Is 56 a factor of 47712184?
False
Does 8 divide 4376232?
True
Does 7 divide 28437525?
False
Does 124 divide 59186564?
True
Does 41 divide 946559111?
False
Does 531 divide 21973311?
True
Does 72 divide 669897360?
True
Does 972 divide 8977088?
False
Does 3972 divide 64172056?
False
Is 480 a factor of 207634947?
False
Is 216157767 a multiple of 187?
False
Does 2491 divide 1385762452?
False
Does 686 divide 76943619?
False
Is 34 a factor of 327330?
False
Does 21 divide 101314072?
False
Does 6 divide 157011090?
True
Is 170539030 a multiple of 20?
False
Does 2174 divide 74370366?
True
Does 3555 divide 1554685458?
False
Is 102 a factor of 26560847?
False
Is 10 a factor of 138637997?
False
Does 31 divide 218777911?
False
Is 124 a factor of 86068613?
False
Does 1020 divide 15435660?
True
Does 1072 divide 38332398?
False
Is 486 a factor of 40822056?
True
Does 133 divide 34257874?
True
Does 63 divide 7826931?
True
Does 169 divide 69882946?
False
Is 138 a factor of 113831495?
False
Is 2383661 a multiple of 11?
False
Is 29 a factor of 29567537?
False
Is 3201 a factor of 263696099?
False
Is 17 a factor of 73050675?
False
Does 1143 divide 34431735?
False
Is 116 a factor of 63065818?
False
Does 101 divide 2613476?
True
Does 289 divide 720162279?
True
Is 639 a factor of 27779238?
False
Does 103 divide 1329968857?
True
Is 899 a factor of 71824706?
True
Is 2 a factor of 25567130?
True
Is 3945651296 a multiple of 5953?
False
Does 444 divide 4476692?
False
Is 270 a factor of 55081620?
True
Is 136689791 a multiple of 8?
False
Is 694 a factor of 6315088677?
False
Does 3617 divide 3086490993?
True
Does 7026 divide 411864120?
True
Does 12 divide 34464828?
True
Is 4051740 a multiple of 132?
True
Does 32 divide 51338880?
True
Is 4822267463 a multiple of 373?
True
Is 1463490732 a multiple of 38?
True
Is 1933039 a multiple of 44?
False
Does 2 divide 37877740?
True
Is 8329 a factor of 1050703350?
True
Is 928022912 a multiple of 16?
True
Is 214114210 a multiple of 37?
False
Is 3 a factor of 64976815?
False
Is 3018 a factor of 296603352?
False
Is 63 a factor of 29730732?
False
Is 39590160 a multiple of 879?
True
Is 383210438 a multiple of 1306?
True
Does 12 divide 74362032?
True
Is 681209 a multiple of 103?
False
Is 11700604 a multiple of 1399?
False
Is 7 a factor of 2962967?
True
Does 18 divide 2719165?
False
Is 91482234 a multiple of 257?
True
Does 131 divide 24448759?
False
Is 930438492 a multiple of 7885?
False
Does 9 divide 24903324?
True
Does 2006 divide 33815270?
False
Is 17836575 a multiple of 25?
True
Is 2259 a factor of 2523303?
True
Is 6 a factor of 149333322?
True
Does 231 divide 16110633?
True
Does 577 divide 77367262?
False
Is 5840002 a multiple of 178?
True
Is 42 a factor of 254226891?
False
Is 98 a factor of 13837547?
False
Does 144 divide 382098759?
False
Is 15757882 a multiple of 191?
True
Is 20138792 a multiple of 746?
False
Does 3 divide 96380387?
False
Is 2033543808 a multiple of 51?
True
Is 93 a factor of 1191886698?
True
Does 1497 divide 152638611?
True
Does 73 divide 476227837?
True
Does 2695 divide 70994390?
False
Is 750694567 a multiple of 427?
False
Does 2834 divide 3701022354?
False
Is 450257780 a multiple of 25?
False
Is 3 a factor of 62904588?
True
Is 99 a factor of 175038138?
True
Is 2518852 a multiple of 53?
False
Does 8 divide 566756568?
True
Is 154672620 a multiple of 702?
False
Is 84448 a multiple of 112?
True
Does 2306 divide 113564240?
False
Is 33335516 a multiple of 8?
False
Is 12527370 a multiple of 92?
False
Is 9 a factor of 111704515?
False
Is 8812749 a multiple of 18?
False
Is 53302200 a multiple of 140?
True
Is 9183852 a multiple of 18?
True
Is 879860 a multiple of 74?
True
Does 491 divide 161197755?
True
Is 96863121 a multiple of 9?
True
Does 614 divide 34777193?
False
Is 408 a factor of 591203722?
False
Does 1648 divide 32437584?
True
Is 30409031 a multiple of 219?
False
Is 22 a factor of 10124161?
False
Is 18312064 a multiple of 116?
False
Is 50 a factor of 11170100?
True
Does 149 divide 24283573?
True
Is 1207777144 a multiple of 1777?
True
Does 4 divide 1762436?
True
Is 6 a factor of 36091725?
False
Is 270 a factor of 941133328?
False
Is 1877221248 a multiple of 84?
True
Is 114 a factor of 333785616?
True
Is 1644 a factor of 79784964?
True
Does 171 divide 4495441230?
True
Is 1928475017 a multiple of 7?
True
Is 2554973369 a multiple of 35?
False
Is 146 a factor of 63754842?
True
Is 20416183 a multiple of 648?
False
Does 792 divide 42695136?
True
Is 3 a factor of 241993153?
False
Is 800 a factor of 70950155?
False
Is 410590800 a multiple of 32?
False
Is 613373566 a multiple of 442?
True
Does 226 divide 273015458?
True
Is 4 a factor of 300694831?
False
Is 36 a factor of 6793341300?
True
Is 55 a factor of 427878314?
False
Does 5831 divide 2145877972?
True
Is 1030721622 a multiple of 21?
True
Is 69 a factor of 1024540788?
False
Does 2466 divide 133072758?
True
Does 527 divide 392522248?
True
Does 115 divide 305871088?
False
Is 33 a factor of 1914237039?
True
Is 30 a factor of 2349008413?
False
Is 316180824 a multiple of 1938?
True
Is 392693020